-z**2 + 4*z + 11 + 1 - 1 + 3. Suppose -9961 + 10645 = 114*y. Determine v(y).
2
Let b(u) be the third derivative of u**4/24 + u**3/3 + u**2. Let f(q) = q**3 - 142*q**2 - 1532*q + 1822. Let c be f(152). Calculate b(c).
0
Let o(s) = 68*s**2 - 66*s**2 - 4*s + 10*s - 10. Give o(4).
46
Let v = 203 - 209. Let h(d) = -12*d - 65. Determine h(v).
7
Let v(d) be the first derivative of d**5/20 - 7*d**4/12 - 7*d**3/6 - 5*d**2/2 + 37*d + 12. Let r(q) be the first derivative of v(q). Determine r(8).
3
Let f(j) = -j**3 - 5*j - 5*j + 0*j**3 + 0*j**3 - 19 - 7*j**2. Let y be f(-6). Let n(d) = -5*d**3 + d**2 + 58 + 3*d**3 + y*d**3 - 59. Give n(1).
3
Let l be (-1 + 0)/(0 - 8/24). Let z(b) = -7 - l*b**3 + 10*b**2 + 5*b**3 - b**3 - 12*b. Give z(-11).
4
Let c = -7191 - -13242. Let j(n) = 6050*n**3 - n**2 - n**2 - c*n**3. Calculate j(-3).
9
Let d(v) be the third derivative of v**6/120 - 2*v**5/15 + 5*v**4/12 - 10*v**3/3 + 236*v**2 + v. Give d(7).
1
Let s(l) = -2*l**2 + 3*l. Let g(r) = -3*r - 4*r - 7*r + 1 + 15*r. Let n(f) = 2*g(f) - s(f). Calculate n(2).
8
Let f be ((-85)/25 + 5)/((-74)/185). Let b(h) = h**2 + 9*h - 5. Calculate b(f).
-25
Let j(z) = -2*z - 20. Let h be j(-13). Let w(i) = -i**3 + 5*i**2 + 6*i + 6. Let n be w(h). Let r(y) = 4 - n*y**2 - 1 - 7*y + 7*y**2. Calculate r(4).
-9
Let l(d) = -7*d**2 + 13*d + 73. Let k(a) = 33*a**2 - 61*a - 367. Let b(x) = 3*k(x) + 14*l(x). Give b(10).
11
Let z(k) = k**3 - 6*k**2 + 3*k - 2. Let r be ((-12)/(-9))/((-34)/(-51)). Let v be (-6)/8*-2*22. Suppose -3*y - v = -3*p, -r*p - y - 4*y - 13 = 0. What is z(p)?
16
Suppose 4*h = 3*c - 120, 2*h - 6 = -0. Let l = -41 + c. Let p(n) = -182*n - 11*n**2 + n**3 + l + 103*n + 89*n. What is p(10)?
3
Let m(l) = 8*l + 50. Let a be (-104)/18 - (-24)/(-108). Let w be m(a). Suppose -15 = 5*k - w*k. Let u(z) = -z**2 - 4*z + 7. Give u(k).
2
Suppose -4*l + 12 = -2*p, -5*l = -0*p + 2*p - 24. Let d(o) = 0 - 4 - l - o. Suppose -3*m = 3*c, 111*c - 113*c - 21 = -m. Give d(c).
-1
Let g(n) = -3*n + 4. Let j be g(5). Let h(k) = -k**2 + 1. Suppose 49*i = 32*i - 68. Let x(r) = -3*r**2 + 11*r + 1. Let t(d) = i*h(d) + x(d). Calculate t(j).
-3
Let d(l) be the second derivative of l**6/360 - l**5/60 + l**4/6 - l**3/3 - 21*l**2 - 16*l. Let h(v) be the second derivative of d(v). What is h(3)?
7
Suppose -4*h - 11*h - 14*h = 0. Let j(z) = -2*z**2 - 3. What is j(h)?
-3
Let j(u) = -u**2 - 4*u. Let t be 4/(-5) - (-14)/5. Suppose -5*f - 5 = 5*m, t*m = m + 4*f + 24. Suppose -m*h - 10 = -2*h. Calculate j(h).
-5
Suppose 4*s + c - 10 = 0, 11*s - 2*c = 12*s - 6. Let y(k) = -36*k - 34*k + 1 - 2*k**s + 95*k - 29*k. Determine y(-4).
-15
Let p(x) be the third derivative of x**5/30 - x**4/12 - x**3/2 + 2*x**2. Let h(k) = -6*k**2 - 39*k + 3*k**2 - 16 + 16*k. Let a be h(-7). What is p(a)?
9
Let l be (1/1)/((-98)/(-2058)). Let j(w) = w - 23. What is j(l)?
-2
Let p(r) be the first derivative of r**2/2 + 22*r - 793. Determine p(13).
35
Let q be (-958)/(-8) - (-1)/4. Suppose 2*g - 8*g + q = 0. Suppose -5*v - 4*h + 32 = -v, 4*h - g = -2*v. Let b(p) = 2*p + 4. Calculate b(v).
16
Let d(g) be the third derivative of 15*g**4/8 - 3*g**2 + 811. Determine d(-1).
-45
Let d(w) = -6*w + 3 + w + 7*w + 0*w. Let f = -34 + 38. Suppose f*s = 8, 2*j - s = 3*j + 3. Give d(j).
-7
Let m(h) = 158*h + 159*h - 329*h - 134. Determine m(-12).
10
Let i(a) = a**3 + 13*a**2 + 18*a + 8. Let r be 6/(1 + (-2)/3)*(-492)/738. Calculate i(r).
-64
Let u(s) = -385*s**2 - 3 + 784*s**2 - 395*s**2 + 2 - s**3 - 3*s. Let o = 14 + -10. Determine u(o).
-13
Suppose 204 - 196 = 4*b. Let s(i) = 38*i**2 + 9*i - 20*i**2 - 19*i**2 - b*i + 1. Give s(6).
7
Suppose -44 + 60 = 4*z. Let p(s) be the first derivative of s**4/12 - 2*s**3/3 + s + 4. Let g(l) be the first derivative of p(l). What is g(z)?
0
Let s(u) = -u**3 + 6*u**2 - 3. Let b = -603 - -609. Determine s(b).
-3
Let h(a) = -7*a - 2 - a**2 + 3 + 2*a**2. Let m = -471 - -444. Let o(j) = 7*j + 195. Let v be o(m). What is h(v)?
-5
Let q = -149 - -161. Suppose -s + 5*s = -4*h - q, h + 13 = 4*s. Let c(x) = x**3 - x**2 - 1. Calculate c(s).
3
Let y(u) = 4*u**2 - 43*u - 62. Let v(z) = -z**2 + 11*z + 15. Let t(f) = -9*v(f) - 2*y(f). Determine t(10).
-41
Let j(n) be the first derivative of -n**3/3 - 15*n**2/2 + 28*n + 1108. Determine j(2).
-6
Let k(g) = -1 - 3*g**3 + 103*g**2 - 102*g**2 - 45*g + 4*g**3 + 0*g**3 + 39*g. Determine k(-4).
-25
Let d(a) = 3*a - 10*a + a**2 - 6*a - 14*a + 2*a + 50. Calculate d(20).
-50
Let l = -5861 - -5867. Let c(f) = -f**2 - 14*f + 121. Determine c(l).
1
Let p(a) be the second derivative of 5*a**3/6 - 27*a**2 + 4344*a. Determine p(10).
-4
Let j(d) = -d + 2. Let a(z) be the third derivative of -z**5/60 + 5*z**4/24 + 4*z**3/3 - 32*z**2. Let c be a(6). Determine j(c).
0
Let b(m) = m**3 - 15*m**2 + 20*m - 81. Let i be (1 - (-18)/(-2)) + 561 + -539. Calculate b(i).
3
Suppose -4*n + 4 = 3*p + 27, -4*p + 21 = -5*n. Let y(i) = -8*i - 5. Let b(g) = 7*g + 5. Let t(l) = -5*b(l) - 4*y(l). What is t(n)?
10
Let r(q) = -56*q - 1582. Let l be r(-28). Let k(d) = d**2 + 12*d - 7. Determine k(l).
21
Let t(m) be the second derivative of -1/3*m**3 + 59 - 3*m + 1/2*m**2. Calculate t(7).
-13
Let a(f) be the first derivative of 3*f**5/40 + f**4/6 + 2*f**3/3 + 273*f + 18. Let n(p) be the third derivative of a(p). Calculate n(3).
31
Let u be ((-6)/(-8))/(1/4). Let a(c) = 93530 - 165*c**3 + 164*c**3 + 3*c**2 - 93532 + 4*c. Calculate a(u).
10
Let m(b) be the first derivative of -3*b**2/2 - 3*b - 8. Let c(w) = w**2 - 11*w - 48. Let t be c(14). Determine m(t).
15
Let h(q) be the first derivative of -q**4/4 + 3*q**3 + 7*q**2/2 + 5*q + 2206. Determine h(10).
-25
Let p(f) = f**3 + 13*f**2 + 13*f - 97. Let r = 26033 - 26044. What is p(r)?
2
Let l(y) = -32*y - 1278. Let w be l(-40). Let o(q) be the second derivative of q + 3/2*q**w + 0 - 1/6*q**4 + 1/2*q**3. Give o(-2).
-11
Let s(a) = -24*a + 0 - 21*a + 57*a - 5*a - 17. What is s(0)?
-17
Let n(x) = x**2 + 3*x - 3. Let m be (8/(-12))/((-1)/9*1). Let p(q) = -3 + m - 5*q + 11*q. Let h be p(-1). Determine n(h).
-3
Let q(g) = -g**2 - 11*g + 11. Let n = 6112 + -6123. Determine q(n).
11
Let n be (9 + -9)*(-2)/4. Let z(r) = n + 7*r - 3 - 10*r. Suppose -v - 19*i + 21*i = 12, 0 = v + i - 3. Calculate z(v).
3
Let q(z) = z**3 - 6*z**2 - z - 5. Suppose 0 = -5*w + 73 + 202. Let p = 57 - w. Suppose 0 = -5*i + p*i + 18. Give q(i).
-11
Suppose 4*r = 15*c + 12, 5*r - 5*c + 48 = -2*c. Let h(y) = -y**3 - 14*y**2 - 27*y + 19. Determine h(r).
55
Let x(d) = -13*d**2 - 11*d - 1. Let b = -65 - -64. Let l(h) = -h**2 - 2*h. Let u(o) = b*x(o) + 6*l(o). Suppose k + 4*k - 9 = 4*a, 0 = 3*k + a - 2. What is u(k)?
7
Let s(o) = 26*o - 370. Let u be s(14). Let b(t) = -t**2 - 12*t + 1. Determine b(u).
37
Let z(y) = -6*y**2 + 3*y - 2. Let d(m) be the third derivative of -m**4/24 + 2*m**3/3 - 3*m**2. Let s be d(1). What is z(s)?
-47
Let t(y) = 4*y**2 + 6*y + 1. Let i(h) = -h**2 - 3*h + 1. Let b(a) = -3*i(a) - t(a). Suppose -2*c + 9 = c. Calculate b(c).
-4
Let g(o) be the first derivative of -o**4/4 + o**3 + 7*o**2/2 + 1560. Calculate g(5).
-15
Let t(r) be the second derivative of 11*r**3/6 + 41*r**2 - 1607*r. What is t(-8)?
-6
Let r(c) be the first derivative of -c**4/12 + 11*c**3/3 - 38*c**2 - 84. Let s(l) be the second derivative of r(l). Determine s(15).
-8
Let j(a) = 5*a**3 + 14*a**2 - 14*a + 17. Let u(v) = -2*v**3 - 7*v**2 + 6*v - 8. Let k(n) = -3*j(n) - 7*u(n). What is k(7)?
5
Let a(s) = -7*s - 9. Let z(x) = -39*x - 50. Let y(m) = 33*a(m) - 6*z(m). Suppose -u = 5*l + 23 - 3, -4*u = -4*l - 16. Suppose u = 3*h + 2*h + 20. Give y(h).
-9
Let m = 57/137 + 23/274. Let w(j) be the second derivative of 6*j - m*j**2 - 1/3*j**3 + 0. Determine w(5).
-11
Let v = -350 - -353. Let n(l) = 8 + v + 4*l - 2*l + 9 - 17. What is n(4)?
11
Let a be 6 + (-6 + 9 - 5). Let z(l) = 8 - 2 - l**3 + 6 - a + 7*l**2. Calculate z(7).
8
Suppose -4*m = -5*d + 44, 122*d - 22 = 119*d - 2*m. Let u(r) = 2*r - 29. Determine u(d).
-13
Let a(h) = h**2 + 20*h - 1. Let w(u) = -5*u**2 - 111*u + 6. Let b(r) = -11*a(r) - 2*w(r). Let l(s) = -s. Let q be l(0). Give b(q).
-1
Let o(d) = -2*d**3 - d**2 - 2*d. Let s(f) = -17*f**3 - 9*f**2 - 16*f + 8. Let t(r) = 8*o(r) - s(r). Give t(0).
-8
Let c(d) = 8*d**3 + d**2 - 2*d + 1. Suppose -572 = 12*s - 8*s. Let o = s + 149. Su